are the prime factors of 1172?
2, 293
List the prime factors of 6777.
3, 251
What are the prime factors of 373?
373
List the prime factors of 564.
2, 3, 47
What are the prime factors of 8457?
3, 2819
What are the prime factors of 1203?
3, 401
List the prime factors of 127330.
2, 5, 7, 17, 107
What are the prime factors of 634?
2, 317
List the prime factors of 2039.
2039
List the prime factors of 6806.
2, 41, 83
What are the prime factors of 1594?
2, 797
What are the prime factors of 3657?
3, 23, 53
List the prime factors of 171.
3, 19
List the prime factors of 18303.
3, 6101
List the prime factors of 4224.
2, 3, 11
List the prime factors of 1295.
5, 7, 37
List the prime factors of 86949.
3, 9661
What are the prime factors of 16063?
16063
What are the prime factors of 1659?
3, 7, 79
What are the prime factors of 10479?
3, 7, 499
What are the prime factors of 18815?
5, 53, 71
List the prime factors of 79163.
7, 43, 263
List the prime factors of 3794.
2, 7, 271
List the prime factors of 115536.
2, 3, 29, 83
List the prime factors of 59839.
13, 4603
List the prime factors of 757.
757
What are the prime factors of 2445?
3, 5, 163
List the prime factors of 3823.
3823
What are the prime factors of 957?
3, 11, 29
List the prime factors of 58767.
3, 19, 1031
List the prime factors of 49768.
2, 6221
What are the prime factors of 499?
499
What are the prime factors of 15071?
7, 2153
What are the prime factors of 82126?
2, 11, 3733
What are the prime factors of 353?
353
What are the prime factors of 3434?
2, 17, 101
List the prime factors of 49.
7
List the prime factors of 23397.
3, 11, 709
List the prime factors of 20107.
20107
List the prime factors of 501.
3, 167
What are the prime factors of 2593?
2593
List the prime factors of 3864.
2, 3, 7, 23
What are the prime factors of 87020?
2, 5, 19, 229
List the prime factors of 5546.
2, 47, 59
What are the prime factors of 15060?
2, 3, 5, 251
What are the prime factors of 12597?
3, 13, 17, 19
What are the prime factors of 5405?
5, 23, 47
List the prime factors of 4423.
4423
List the prime factors of 447.
3, 149
What are the prime factors of 3038?
2, 7, 31
List the prime factors of 94049.
94049
What are the prime factors of 1323?
3, 7
What are the prime factors of 12765?
3, 5, 23, 37
What are the prime factors of 22044?
2, 3, 11, 167
List the prime factors of 438.
2, 3, 73
What are the prime factors of 12606?
2, 3, 11, 191
List the prime factors of 2222.
2, 11, 101
What are the prime factors of 12?
2, 3
List the prime factors of 2548.
2, 7, 13
What are the prime factors of 10577?
7, 1511
What are the prime factors of 802?
2, 401
What are the prime factors of 1171?
1171
List the prime factors of 31055.
5, 6211
List the prime factors of 7449.
3, 13, 191
What are the prime factors of 975?
3, 5, 13
List the prime factors of 79633.
79633
List the prime factors of 1323.
3, 7
List the prime factors of 23894.
2, 13, 919
List the prime factors of 5510.
2, 5, 19, 29
What are the prime factors of 6187?
23, 269
What are the prime factors of 43?
43
What are the prime factors of 198?
2, 3, 11
What are the prime factors of 51190?
2, 5, 5119
What are the prime factors of 1875?
3, 5
What are the prime factors of 157350?
2, 3, 5, 1049
What are the prime factors of 32920?
2, 5, 823
List the prime factors of 73422.
2, 3, 4079
List the prime factors of 1306.
2, 653
What are the prime factors of 597?
3, 199
What are the prime factors of 140418?
2, 3, 29, 269
What are the prime factors of 27?
3
What are the prime factors of 75422?
2, 43, 877
List the prime factors of 9142.
2, 7, 653
List the prime factors of 57559.
57559
List the prime factors of 15041.
13, 89
List the prime factors of 688.
2, 43
What are the prime factors of 5287?
17, 311
List the prime factors of 44085.
3, 5, 2939
List the prime factors of 54734.
2, 27367
What are the prime factors of 285?
3, 5, 19
What are the prime factors of 2106?
2, 3, 13
List the prime factors of 243.
3
What are the prime factors of 3119?
3119
What are the prime factors of 278?
2, 139
List the prime factors of 3479.
7, 71
List the prime factors of 3232.
2, 101
List the prime factors of 2270.
2, 5, 227
List the prime factors of 168.
2, 3, 7
List the prime factors of 30161.
30161
List the prime factors of 59998.
2, 131, 229
What are the prime factors of 34651?
34651
What are the prime factors of 6170?
2, 5, 617
What are the prime factors of 13832?
2, 7, 13, 19
What are the prime factors of 12949?
23, 563
List the prime factors of 15870.
2, 3, 5, 23
What are the prime factors of 6515?
5, 1303
List the prime factors of 6382.
2, 3191
What are the prime factors of 1934?
2, 967
List the prime factors of 5786.
2, 11, 263
What are the prime factors of 463?
463
What are the prime factors of 861?
3, 7, 41
List the prime factors of 483.
3, 7, 23
What are the prime factors of 3841?
23, 167
List the prime factors of 3872.
2, 11
List the prime factors of 927.
3, 103
List the prime factors of 8662.
2, 61, 71
List the prime factors of 2532.
2, 3, 211
What are the prime factors of 7699?
7699
List the prime factors of 4992.
2, 3, 13
What are the prime factors of 2602?
2, 1301
List the prime factors of 58778.
2, 29389
What are the prime factors of 20687?
137, 151
What are the prime factors of 885?
3, 5, 59
List the prime factors of 27366.
2, 3, 4561
What are the prime factors of 7621?
7621
List the prime factors of 11715.
3, 5, 11, 71
List the prime factors of 48805.
5, 43, 227
What are the prime factors of 35776?
2, 13, 43
What are the prime factors of 5626?
2, 29, 97
List the prime factors of 4511.
13, 347
What are the prime factors of 2921?
23, 127
What are the prime factors of 445?
5, 89
What are the prime factors of 5897?
5897
What are the prime factors of 144030?
2, 3, 5, 4801
List the prime factors of 21515.
5, 13, 331
What are the prime factors of 12894?
2, 3, 7, 307
What are the prime factors of 6615?
3, 5, 7
What are the prime factors of 30423?
3, 10141
List the prime factors of 42629.
47, 907
List the prime factors of 27359.
109, 251
What are the prime factors of 45356?
2, 17, 23, 29
List the prime factors of 71783.
23, 3121
List the prime factors of 27307.
7, 47, 83
What are the prime factors of 8656?
2, 541
What are the prime factors of 4916?
2, 1229
What are the prime factors of 23683?
11, 2153
List the prime factors of 333.
3, 37
What are the prime factors of 735?
3, 5, 7
What are the prime factors of 2176?
2, 17
What are the prime factors of 23268?
2, 3, 7, 277
List the prime factors of 7954.
2, 41, 97
List the prime factors of 681.
3, 227
List the prime factors of 1027.
13, 79
What are the prime factors of 14533?
14533
List the prime factors of 157.
157
List the prime factors of 5046.
2, 3, 29
List the prime factors of 1603.
7, 229
What are the prime factors of 7560?
2, 3, 5, 7
List the prime factors of 2168.
2, 271
What are the prime factors of 85565?
5, 109, 157
What are the prime factors of 2384?
2, 149
List the prime factors of 14636.
2, 3659
List the prime factors of 19193.
17, 1129
List the prime factors of 2528.
2, 79
What are the prime factors of 6426?
2, 3, 7, 17
What are the prime factors of 11604?
2, 3, 967
List the prime factors of 13705.
5, 2741
List the prime factors of 67339.
67339
List the prime factors of 1186.
2, 593
List the prime factors of 2576.
2, 7, 23
List the prime factors of 21612.
2, 3, 1801
List the prime factors of 6430.
2, 5, 643
List the prime factors of 7224.
2, 3, 7, 43
What are the prime factors of 830?
2, 5, 83
What are the prime factors of 4394?
2, 13
What are the prime factors of 6499?
67, 97
List the prime factors of 21655.
5, 61, 71
List the prime factors of 2450.
2, 5, 7
List the prime factors of 8794.
2, 4397
List the prime factors of 25261.
25261
List the prime factors of 1127.
7, 23
What are the prime factors of 1706?
2, 853
List the prime factors of 1265.
5, 11, 23
What are the prime factors of 22205?
5, 4441
List the prime factors of 112622.
2, 56311
What are the prime factors of 31661?
7, 4523
What are the prime factors of 1264?
2, 79
What are the prime factors of 341?
11, 31
What are the prime factors of 69402?
2, 3, 43, 269
List the prime factors of 28131.
3, 9377
What are the prime factors of 1522?
2, 761
What are the prime factors of 632?
2